se 12?
21
What is 1 (base 7) in base 16?
1
-647 (base 8) to base 10
-423
What is -5 (base 10) in base 2?
-101
-1 (base 12) to base 11
-1
Convert -19 (base 15) to base 4.
-120
What is 62 (base 8) in base 5?
200
-12 (base 5) to base 9
-7
15 (base 7) to base 11
11
What is -2 (base 9) in base 6?
-2
What is -59 (base 13) in base 4?
-1022
-343 (base 6) to base 8
-207
100 (base 13) to base 16
a9
What is -30 (base 6) in base 10?
-18
What is 3 (base 15) in base 4?
3
What is 10 (base 3) in base 2?
11
What is 4 (base 7) in base 10?
4
-a3 (base 16) to base 11
-139
What is 1010 (base 2) in base 13?
a
4e (base 16) to base 14
58
What is -1f (base 16) in base 2?
-11111
What is -1 (base 7) in base 12?
-1
What is -10 (base 4) in base 2?
-100
1102 (base 4) to base 2
1010010
45 (base 15) to base 6
145
0 (base 8) to base 6
0
Convert 100 (base 8) to base 2.
1000000
Convert 9 (base 10) to base 9.
10
Convert -35 (base 13) to base 14.
-32
-1 (base 4) to base 7
-1
Convert 5 (base 7) to base 16.
5
What is 3 (base 11) in base 12?
3
Convert -69 (base 10) to base 13.
-54
What is 0 (base 16) in base 6?
0
Convert -11 (base 2) to base 8.
-3
Convert 11101 (base 2) to base 4.
131
What is -17 (base 8) in base 14?
-11
200 (base 3) to base 14
14
Convert 18 (base 9) to base 10.
17
Convert 3 (base 8) to base 16.
3
-33 (base 13) to base 4
-222
Convert -142 (base 10) to base 4.
-2032
What is 4 (base 11) in base 2?
100
0 (base 16) to base 2
0
What is 100010100 (base 2) in base 11?
231
29 (base 13) to base 7
50
Convert -28 (base 9) to base 4.
-122
What is -3 (base 11) in base 16?
-3
What is -110 (base 2) in base 3?
-20
Convert 14 (base 9) to base 14.
d
Convert -32 (base 9) to base 5.
-104
Convert 1 (base 9) to base 13.
1
What is -14 (base 10) in base 13?
-11
9e (base 15) to base 3
12112
What is -64 (base 11) in base 13?
-55
5 (base 9) to base 14
5
Convert -20 (base 6) to base 13.
-c
What is 1 (base 5) in base 10?
1
What is -3c (base 13) in base 3?
-1220
-10 (base 14) to base 6
-22
What is -13 (base 7) in base 16?
-a
What is 5 (base 7) in base 12?
5
What is 1 (base 8) in base 10?
1
What is 0 (base 11) in base 3?
0
What is -22 (base 3) in base 9?
-8
What is -3 (base 6) in base 4?
-3
What is 2 (base 14) in base 15?
2
Convert -2 (base 15) to base 10.
-2
Convert 1 (base 4) to base 8.
1
What is 0 (base 16) in base 14?
0
What is 5 (base 7) in base 12?
5
Convert 98 (base 10) to base 6.
242
What is 10111 (base 2) in base 7?
32
What is -3 (base 4) in base 16?
-3
10 (base 8) to base 14
8
Convert -100100 (base 2) to base 13.
-2a
Convert 121 (base 3) to base 4.
100
Convert -5 (base 10) to base 4.
-11
What is -351 (base 6) in base 12?
-b7
Convert 74 (base 12) to base 9.
107
-1 (base 13) to base 8
-1
-2 (base 11) to base 8
-2
102 (base 3) to base 5
21
What is 2 (base 10) in base 15?
2
What is 5 (base 7) in base 4?
11
What is 101 (base 3) in base 15?
a
Convert -10 (base 15) to base 16.
-f
Convert 5 (base 13) to base 6.
5
What is -12 (base 7) in base 9?
-10
143 (base 14) to base 6
1103
Convert 159 (base 12) to base 9.
256
What is 12 (base 15) in base 3?
122
Convert -1132 (base 4) to base 16.
-5e
-3 (base 11) to base 5
-3
What is 3 (base 8) in base 11?
3
Convert 15 (base 11) to base 4.
100
What is -12 (base 16) in base 9?
-20
115 (base 6) to base 11
43
What is -10 (base 5) in base 9?
-5
What is -1021 (base 3) in base 2?
-100010
What is -11 (base 2) in base 3?
-10
3 (base 6) to base 2
11
Convert 53 (base 9) to base 11.
44
What is -2 (base 4) in base 9?
-2
11 (base 4) to base 7
5
Convert -10 (base 4) to base 15.
-4
12120 (base 3) to base 15
a0
What is -424 (base 7) in base 12?
-15a
Convert 29 (base 14) to base 5.
122
What is 3 (base 16) in base 13?
3
What is 1c (base 13) in base 5?
100
10101 (base 3) to base 7
160
Convert 2 (base 4) to base 8.
2
-420 (base 5) to base 9
-132
What is -10 (base 3) in base 4?
-3
0 (base 15) to base 4
0
What is 1e (base 15) in base 5?
104
Convert -e (base 15) to base 12.
-12
Convert -1110001 (base 2) to base 3.
-11012
201 (base 11) to base 10
243
What is -40 (base 7) in base 2?
-11100
Convert 1 (base 13) to base 6.
1
11021 (base 3) to base 9
137
What is 0 (base 12) in base 10?
0
-a (base 12) to base 2
-1010
11 (base 11) to base 14
c
What is -50 (base 7) in base 12?
-2b
1 (base 9) to base 7
1
Convert 135 (base 6) to base 7.
113
What is 41 (base 13) in base 10?
53
4 (base 5) to base 12
4
What is 211 (base 6) in base 14?
59
Convert -1 (base 14) to base 16.
-1
Convert -32 (base 11) to base 8.
-43
What is -59 (base 11) in base 5?
-224
-4 (base 5) to base 16
-4
What is 2 (base 15) in base 9?
2
Convert 1441 (base 5) to base 12.
186
What is 1023 (base 4) in base 5?
300
11 (base 10) to base 12
b
Convert -2 (base 13) to base 10.
-2
Convert 131 (base 5) to base 2.
101001
What is 5 (base 15) in base 4?
11
-10 (base 2) to base 14
-2
Convert 9 (base 13) to base 5.
14
Convert 2a (base 13) to base 11.
33
What is 2b (base 12) in base 10?
35
What is 2 (base 5) in base 9?
2
What is 161 (base 7) in base 12?
78
What is 1 (base 15) in base 4?
1
Convert 21 (base 4) to base 12.
9
What is 0 (base 3) in base 5?
0
What is -321 (base 5) in base 13?
-68
What is -44 (base 13) in base 7?
-110
11 (base 7) to base 8
10
20 (base 3) to base 5
11
What is -501 (base 9) in base 3?
-120001
Convert 10 (base 4) to base 15.
4
Convert 2 (base 14) to base 8.
2
What is -157 (base 8) in base 6?
-303
What is 111110 (base 2) in base 9?
68
-222 (base 7) to base 15
-79
Convert 1 (base 6) to base 7.
1
-3d (base 14) to base 10
-55
4 (base 11) to base 6
4
What is 3 (base 13) in base 3?
10
Convert 413 (base 8) to base 3.
100220
3 (base 14) to base 8
3
What is -3 (base 6) in base 12?
-3
Convert 1111111 (base 2) to base 3.
11201
-110 (base 2) to base 4
-12
-22 (base 9) to base 12
-18
Convert -13 (base 7) to base 6.
-14
2 (base 5) to base 6
2
Convert -2010 (base 3) to base 15.
-3c
1 (base 9) to base 11
1
What is -24 (base 6) in base 4?
-100
-a (base 12) to base 14
-a
What is 10 (base 2) in base 5?
2
19 (base 12) to base 4
111
What is 1 (base 13) in base 2?
1
Convert 7 (base 13) to base 8.
7
Convert -3c (base 13) to base 4.
-303
d (base 15) to base 13
10
What is 129 (base 15) in base 8?
410
Convert 14 (base 14) to base 12.
16
What is -61 (base 14) in base 16?
-55
Convert 179 (base 14) to base 10.
303
Convert 1 (base 12) to base 7.
1
Convert -2 (base 9) to base 11.
-2
Convert -10 (base 11) to base 5.
-21
Convert 14 (base 13) to base 7.
23
1 (base 7) to base 3
1
-4c (base 14) to base 15
-48
What is 7 (base 9) in base 13?
7
What is 1 (base 7) in base 12?
1
What is -88 (base 13) in base 14?
-80
Convert -1 (base 15) to base 9.
-1
-15 (base 8) to base 9
-14
Convert -aa (base 11) to base 10.
-120
What is 30 (base 14) in base 15?
2c
36 (base 9) to base 2
100001
What is -34 (base 6) in base 9?
-24
-11 (base 9) to base 16
-a
Convert 23 (base 11) to base 6.
41
67 (base 9) to base 16
3d
What is 20 (base 6) in base 3?
110
What is 0 (base 11) in base 16?
0
-12 (base 10) to base 14
-c
What is -15 (base 8) in base 15?
-d
1 (base 15) to base 12
1
What is -5 (base 8) in base 10?
-5
What is -2e (base 15) in base 11?
-40
302 (base 5) to base 3
2212
What is 13 (base 10) in base 3?
111
-b (base 13) to base 9
-12
What is 11 (base 2) in base 15?
3
12 (base 3) to base 16
5
1 (base 12) to base 3
1
What is 1 (base 11) in base 15?
1
Convert 13 (base 8) to base 14.
b
30 (base 16) to base 7
66
Convert -74 (base 11) to base 7.
-144
-431 (base 5) to base 15
-7b
Convert -1 (base 3) to base 9.
-1
203 (base 5) to base 11
49
269 (base 12) to base 6
1413
Convert 3 (base 10) to base 9.
3
What is 12 (base 4) in base 2?
110
2 (base 4) to base 2
10
311 (base 5) to base 7
144
What is -34 (base 10) in base 7?
-46
21 (base 9) to base 10
19
What is 22 (base 8) in base 10?
18
What is -1010 (base 4) in base 10?
-68
What is 5 (base 13) in base 16?
5
0 (base 6) to base 5
0
What is 200 (base 3) in base 7?
24
-506 (base 7) to base 2
-11111011
What is -8 (base 13) in base 3?
-22
Convert 101111100 (base 2) to base 15.
1a5
6 (base 12) to base 10
6
Convert -1212 (base 4) to base 10.
-102
Convert 0 (base 15) to base 12.
0
Convert 11 (base 8) to base 12.
9
1 (base 9) to base 7
1
Convert 2 (base 14) to base 13.
2
1 (base 5) to base 8
1
What is -1313 (base 4) in base 9?
-142
What is -187